me?
False
Let z(g) = 3*g + 14. Let l be z(-6). Let c be 74*2*1/l. Let m = c + 390. Is m prime?
True
Is 235140/80 - (-1)/(-4) a prime number?
True
Is (4334 - -3)/((-11)/(-11)) a composite number?
False
Suppose -4*w + 8647 + 4549 = 0. Is w prime?
True
Let l be (-2 - 42/(-18))/((-1)/(-12)). Suppose 0 = -l*o + 11*o - 1043. Is o composite?
False
Let i be ((-3)/(-3))/1 + 2 + 10. Let y(t) = 3*t**2 - 17*t + 17. Is y(i) a prime number?
False
Suppose -22*u + 86262 = -99704. Is u composite?
True
Let b(a) = a**2 - 2*a. Let v be b(3). Let q be (-24)/20*(-10)/v. Suppose 0 = q*w - y - 28 - 24, 3*w = -y + 46. Is w composite?
True
Let o(r) = 20*r**3 - 5*r**2 - 2*r + 6. Is o(5) composite?
False
Let d(r) = 47*r**2 - 4*r + 10. Let u be d(5). Suppose -2072 = 3*f + 4*x, f + 454 = 4*x - 258. Let p = u + f. Is p a prime number?
False
Let m(f) = 29*f**2 + 22*f + 16. Is m(-7) prime?
True
Suppose -4*s - 4*m + 2280 = -2*m, 2*s - 5*m - 1152 = 0. Is s composite?
False
Suppose 3*v = -g + 400, 399 = g - 0*g + 2*v. Is g a prime number?
True
Let u(j) = -76*j**2 - j - 2. Let l be u(-1). Let x = l + 34. Let i = 69 + x. Is i prime?
False
Let v = 3505 + 5668. Is v composite?
False
Let c(t) = t**3 + 26*t**2 - 18*t - 23. Is c(-22) prime?
True
Let d(c) = -c**2 + c - 10*c**3 + 8*c**3 + 0*c - 8. Is d(-3) a prime number?
False
Suppose 2*a + i + 2*i = 20, -10 = -5*i. Let d(p) = 69*p**2 + p - 17. Is d(a) prime?
True
Let y be (-3 + 4)/(2/6). Let c be (-52)/y*(-27)/(-6). Is (c/4)/((-21)/28) a composite number?
True
Suppose 0*f + 2*f = 2*u + 17670, f - 8839 = -u. Suppose 3*i = -2*i + 4*b + f, 4*b - 8 = 0. Is i a prime number?
False
Let h = 41 + -43. Let g = h + 53. Is g prime?
False
Let s(z) = -53*z - 8. Let t(y) = 54*y + 7. Let u(q) = 5*s(q) + 6*t(q). Suppose -5*j + 8 = 5*o - 12, 0 = 4*j - 2*o - 34. Is u(j) a composite number?
True
Let a(h) = 30*h**3 + 3*h**2 - 2*h + 1. Let v be 16/4*(2 - (-3)/(-2)). Is a(v) a prime number?
False
Let s(w) = -3073*w - 211. Is s(-26) a composite number?
False
Suppose 3*m = 4*m - 4*o + 8, m + 2 = o. Suppose b = -m*b + 4. Suppose -b*f + 148 = -0*f. Is f a prime number?
True
Suppose 6*h - 16 = -4. Let u(s) = -880*s**3 - 2*s**2 + 1. Let g be u(-1). Suppose -b - h*b = -g. Is b composite?
False
Let c(r) = -2*r**3 - 30*r**2 - r - 20. Let p be c(-15). Let x(y) be the third derivative of y**5/30 - 7*y**3/6 + y**2. Is x(p) a composite number?
False
Let y = 20108 - 10243. Is y composite?
True
Let t(j) = -3*j - 4. Let b = -11 - -10. Let a(w) = 5*w**3 - 2*w**2 - 2*w - 1. Let q be a(b). Is t(q) a prime number?
False
Suppose 5*z + 2 = -5*u - 3, -2*u = -3*z + 12. Let g(j) = -2 + 4*j**2 + 3 - z + 7 + 6*j. Is g(4) a composite number?
True
Suppose -3*t + 2 = -4*t. Let s be (t/3)/((-2)/162). Suppose -3*v + 25 = y, -4*y + s = -4*v - 46. Is y prime?
False
Let y(v) = 9177*v**3 - 6*v**2 + v + 1. Is y(1) a composite number?
False
Suppose -5280 - 1118 = -2*u + 2*j, 0 = 4*u - j - 12808. Is u prime?
True
Suppose -4*h = -o - 5273, -h - 5*o = -1551 + 217. Is h prime?
True
Let m be ((-86)/4)/(12/(-1272)). Suppose -j + 788 = -5*t, -j + 2*t - m = -4*j. Is j prime?
False
Let x(l) = -773 - 55 + l**3 + 0*l**3 + 0*l**3. Let n be x(0). Let d = 1237 + n. Is d prime?
True
Let l(n) = 46*n**3 + 3*n**2 - 1. Let y be l(-1). Let u = -22 - y. Is u a prime number?
False
Is ((-13)/((-585)/(-12795)))/((-1)/39) composite?
True
Let y(c) = 27*c - 1. Let d(g) = g**3 - 4*g**2 + g + 2. Let z be 6/21 + (-52)/(-14). Let r be d(z). Is y(r) a prime number?
False
Suppose 0 = -4*q - 2*i + 16, 4*q = -i - 0*i + 12. Suppose 3*p + 1310 = 2*o, -227 = 2*o - q*p - 1533. Is o composite?
True
Suppose 13*c - 3845 + 36 = 0. Is c composite?
False
Suppose -11*b = -10*b - 3. Let w(t) = -11*t + 33*t - 6 - b - 9. Is w(8) composite?
True
Let h(s) = -s**2 - 10*s + 13. Let j be h(10). Let d = 317 + j. Is (d/4 + 0)*2 a prime number?
False
Suppose -2*u - 5 - 3 = 0, 0 = -2*h + 4*u + 3820. Suppose k = -3*k + 4*w + 3796, h = 2*k - w. Is k a prime number?
True
Suppose 1549 = o - 7686. Is o composite?
True
Suppose 0 = -3*f + 5*k + 71248, 5*f = 7*f + 4*k - 47462. Is f a prime number?
True
Let w(d) = 12*d - 7. Let k(q) = 3*q - 9. Let m be k(-4). Let h be (-6)/m + (-68)/(-7). Is w(h) a prime number?
True
Let r(h) = 16*h**3 - 5*h**2 + 7*h - 67. Is r(6) a prime number?
True
Let i = -98 + 159. Suppose -i - 20 = -m. Suppose -t = -68 - m. Is t a prime number?
True
Let a = -1762 - -2578. Let g = 1196 - a. Let p = -195 + g. Is p composite?
True
Is (-16)/128*2*-68636 a composite number?
False
Let g(q) = q**2 - 8*q + 8. Let k be g(6). Is ((-30)/12)/(2/(31*k)) prime?
False
Suppose c - 2 = -0. Suppose 1272 = 4*b - c*b - 2*n, -1268 = -2*b - 2*n. Is b a prime number?
False
Suppose -12 = -7*v + v. Let w be 2*v/8*0. Suppose -3*n - 9 = w, -d - 7*n = -3*n - 1129. Is d composite?
True
Let d be 8/(-12) + 2/3. Suppose d = -w + 59 - 17. Suppose 43*u = w*u + 51. Is u prime?
False
Let s = -684 + 693. Suppose g - 42 = 166. Let h = s + g. Is h prime?
False
Suppose -2*r + 5132 = -2630. Is r composite?
False
Suppose -2*p = -5*u + 120, -3*p = -4*p. Suppose -4*t + 164 = u. Is t a prime number?
False
Let l be 19/(-2) - 18/12. Let d = l + 11. Is d + 158 + (8 - 9) composite?
False
Let r be (-3 - -1)/(32/(-7536)). Let k = r - -5308. Is k a prime number?
True
Let m = 43260 + -19276. Is 6/(-33) + (m/22 - 3) a prime number?
True
Let j = -2374 - -6317. Is j composite?
False
Suppose -19*m + 14*m = -100. Let l(b) = -b**3 + 21*b**2 - 17*b + 5. Is l(m) composite?
True
Let u = -6 + 8. Let l(f) be the third derivative of 7*f**5/5 - 5*f**4/24 + f**3/2 + 23*f**2. Is l(u) composite?
True
Suppose 1693 = 2*n - a + 393, 0 = 4*n - 5*a - 2594. Suppose -3*j + n = -48. Is j prime?
True
Let a(u) = -u**3 - 8*u**2 + 9*u + 13. Let z be a(-9). Suppose z*b - 2526 = -693. Is b a composite number?
True
Let o be ((-20)/(-35))/(1/7) - 4. Suppose 0*p + g = -3*p + 5009, o = 5*g + 20. Is p prime?
False
Suppose -2*i - 2*i + 16 = 0. Let t = i - 0. Suppose 0 = -4*k + 4 + t. Is k composite?
False
Let l(j) = -311*j**3 + 3*j**2 - j - 8. Is l(-3) a composite number?
False
Suppose -3*v + 5*b - 4*b = -3006, -2*v = 3*b - 2015. Is v a composite number?
True
Suppose 0 = 2*y - 1 - 3. Suppose i + 3497 = 2*r - 801, -y*r + 4*i = -4298. Is r a composite number?
True
Let v(r) = -24*r**2 + 3*r + 2. Let l be v(3). Suppose 272 = 7*c - 1184. Let k = c - l. Is k a composite number?
True
Let s(n) = -n**3 + n + 3. Let y be s(0). Let i(o) = o**2 + 3*o + 2. Let z be i(-3). Is (-53)/(y - 2 - z) composite?
False
Suppose 3*a - z = 3359, -2*a - 4*z + 2258 = -0*a. Is a a composite number?
True
Let f(t) = 26*t - 5. Let d be f(-5). Suppose 2262 + 90 = 12*v. Let j = v - d. Is j prime?
True
Is (29118/30)/((-2)/(-10)) a prime number?
False
Let v(r) = r. Let j be v(2). Let i be (j + -3)*(-4 - -2). Is ((-149)/i)/(2/(-4)) prime?
True
Suppose 2*x + 5*g - 589 + 6 = 0, -3*x = -g - 900. Suppose 2*m - 2*a - 568 = -4*a, -2*a = -m + x. Is m a composite number?
True
Let i = -8 + 9. Suppose -4*v = a - 2*v + 2, i = v. Is 6/a*1450/(-15) a composite number?
True
Let c be 4 + 16/(-12) + 2/(-3). Suppose -5*i + 2051 = 4*z, 2*i - 4*z = -c*i + 1612. Is i prime?
False
Suppose -12*v + 13086 + 78 = 0. Is v prime?
True
Suppose -457 = -y - a, 0*a - 3*a = 2*y - 913. Suppose 2*l + 502 = -y. Is (3 - l - 2)/1 a prime number?
False
Suppose w + 1 = -7. Let r(k) = 7*k**2 - 6*k - 7. Is r(w) a prime number?
False
Let z(j) = -j**3 - 13*j**2 - 7*j + 11. Suppose w + 26 = -w. Let k be z(w). Suppose r - k = 7. Is r a composite number?
False
Let h(w) = w**3 - 5*w**2 - 4*w - 7. Let y be h(6). Let t(l) = 8*l**2 + 4 - l**3 - 8*l + 6*l + 0*l. Is t(y) a composite number?
True
Let a = -20 - -46. Suppose 5*y + 73 = 3*w, 0*w + 2*y - 70 = -5*w. Let m = a - w. Is m prime?
False
Let k(w) = w**3 + 4*w**2 - 15*w - 27. Let j be k(-6). Is (-6365)/(-9) + 2/j prime?
False
Let h(l) = -3*l + 6033. Is h(0) composite?
True
Let r(o) = o**2 - 3*o - 165. Let t be r(0). Let v = t - -1844. Is v a composite number?
True
Let g = 6626 + -3553. Let m = g + -2082. Is m a prime number?
True
Is ((-3)/(-2))/(24*1/364976) a composite number?
False
Suppose 0 = 5*a - 2*s - 1065265, 3*a - 422189 - 216996 = -4*s. Is a a composite number?
True
Let a(k) = -7353*k + 2. Is a(-1) a composite number?
True
Let l be (-5)/((-30)/